2. Calculate the greatest common factor of j and n.
16
Let v = -1075 + 3315. What is the greatest common factor of v and 35?
35
Suppose -2*u = -5*n - 362, 4*u - 4*n - 580 = 132. Calculate the greatest common factor of u and 22.
22
Let z(v) = -v**3 + 18*v**2 + 9*v - 73. Let p be z(16). What is the highest common divisor of p and 22?
11
Suppose -14*l + 21 + 49 = 0. What is the greatest common divisor of l and 25?
5
Suppose 4 = -4*i + 2*v, 0*i + i - 2*v = -7. Let n(q) = 82*q**2 + 4*q - 2. Let y be n(i). What is the greatest common divisor of 12 and y?
12
Suppose 3*d - 2*d = 80. Suppose -3*p = 2*w + 94, 2*w = -4*p - 37 - 91. Let j be 6/51 - 336/p. What is the highest common factor of d and j?
10
Suppose 5*d - 3*y + 49 = 0, 4*d + 4*y = -0*d - 52. Let h(i) = -i + 4. Let a be h(d). What is the highest common factor of 105 and a?
15
Let j(s) = 8*s + s**3 + 7*s + 5*s**2 - 2 - 14*s. Let l be j(-4). What is the greatest common factor of 90 and l?
10
Suppose -15*w + 144 = -12*w. Suppose -o + 5*o = w. Suppose 3*f + 6*g = 2*g + 178, 0 = -3*g + o. What is the greatest common divisor of f and 6?
6
Let p be (5 - 155/15)*6/(-4). Let y be 11*(0 + p/4). Calculate the highest common divisor of y and 55.
11
Let v = 29 + -17. Suppose b - 4*g + 10 = 0, -6*g = -11*g + 20. Calculate the greatest common divisor of v and b.
6
Let h(f) = -f**2 + 10*f + 26. Let l(n) = 2*n**2 - n + 2. Let p be l(-2). Let w be h(p). Calculate the highest common divisor of 4 and w.
2
Let c = -7 - 1. Let h = c - -26. Let d be -8 + 21 + -9 - 1/1. Calculate the highest common divisor of d and h.
3
Suppose 105 = 8*c - 207. Calculate the greatest common factor of 3 and c.
3
Let s = 1832 + -1020. What is the greatest common divisor of s and 7?
7
Suppose 77*g - 10608 = 51*g. What is the greatest common factor of g and 510?
102
Let i(y) = y**3 + 7*y**2 + 6*y - 5. Let m be i(-5). Let l = m + -16. Let z(o) = -48*o. Let a be z(l). What is the highest common divisor of 16 and a?
16
Let w(m) = m**3 - 20*m**2 + 8*m - 24. Let y be w(20). Calculate the highest common factor of y and 102.
34
Let i(f) = -2*f**2 - 11*f + 37. Let c be i(-7). Calculate the highest common factor of 136 and c.
8
Suppose 4*c = 2*n - 80, -36 = 3*n - 2*c - 164. What is the greatest common divisor of n and 1188?
44
Suppose -27*l - 10434 = -64*l. Calculate the greatest common divisor of 6 and l.
6
Let y = 286 - 39. What is the greatest common factor of y and 38?
19
Let f be 6/4*(-52)/(-39). Suppose -2*h - f*h = -12. Calculate the highest common divisor of 12 and h.
3
Suppose -472*u - 12 = -478*u. Let m be 160/12*6/5. Suppose r = 5*h + 9, -r = -2*r - 2*h + m. What is the greatest common divisor of r and u?
2
Suppose -3*x = 3*f - 417, 2*f + 0*x + 5*x = 287. Suppose -f + 16 = -3*o. Let d be ((-2)/5)/(11/(-440)). What is the greatest common divisor of d and o?
8
Suppose -2*d + 13 = -d. Let c be 78/(-12)*(-2)/1. What is the greatest common factor of d and c?
13
Suppose 173*u + 27 = 176*u. Let y be 1/(5 + -2 - 4) + 4. Calculate the greatest common factor of y and u.
3
Let w = -52 + 56. Calculate the greatest common divisor of w and 2.
2
Let y be (4*1)/((-8)/(-6)). Suppose -y*m + 445 = -116. What is the highest common divisor of m and 17?
17
Let a be 134688/(-20) - 2/(-5). Let r be 2/(-6) + a/(-42). What is the greatest common factor of 20 and r?
20
Let f = -168 + 179. Calculate the highest common factor of 297 and f.
11
Let m be 1/(-2)*(-3 + -97). Let i = -45 - -27. Let b be (i/12)/((-3)/40). Calculate the greatest common factor of m and b.
10
Let x(r) be the first derivative of -6*r**2 + 2*r**2 - 6*r**2 + 5 - 2*r - r**2. Let a be x(-3). Calculate the greatest common factor of 32 and a.
32
Let t(i) = 5*i**2 + 4*i - 24. Let p be t(-8). What is the greatest common divisor of 72 and p?
24
Let z(g) = -g**2 + 13*g - 18. Let u be z(12). Let x = 82 - u. Calculate the greatest common factor of x and 11.
11
Let g be (4/12)/(1/9). Suppose -2 = -2*s, -g*s - 6 = -0*h - 3*h. Suppose -11 = -t + h. What is the greatest common factor of t and 7?
7
Let m be ((-612)/(-170))/(6/20). Suppose 0*x - 4*j - 652 = -5*x, -122 = -x + 5*j. Calculate the greatest common factor of m and x.
12
Let j(y) = y**3 + 4*y**2 - 3*y + 4. Let i be j(-3). Suppose -4*o = -5*l - 103, -15*o + 11*o - 2*l + 82 = 0. Calculate the highest common divisor of o and i.
22
Let l = 80 - 14. Let w = 114 - l. What is the highest common factor of w and 384?
48
Let i be 1/(-5) - 32/(-10). Suppose -i*v = v - 16. Let g be 6*v*2/3. What is the highest common factor of g and 128?
16
Let m = 845 + -781. What is the greatest common divisor of 352 and m?
32
Suppose -u = -3*a + 2*u + 345, 3*a - 5*u - 335 = 0. Suppose -5*g = -4*m - 156, -6*g + a = -2*g - 2*m. What is the greatest common divisor of 21 and g?
7
Let y(n) be the third derivative of n**5/12 + 3*n**2. Let a be y(-2). What is the greatest common divisor of 220 and a?
20
Let o(b) = -b**3 - 18*b**2 - 54*b + 36. Let p be o(-14). Suppose 418 = 4*g - 0*g + 2*w, g - 2*w = 102. What is the greatest common divisor of g and p?
8
Let z(n) = -n**2 - n + 3. Let h(u) = u**2 + 3*u - 18. Let s be h(-6). Let a be z(s). Calculate the highest common factor of a and 3.
3
Suppose -4*u = -3*g - 164, 5*u = g + 185 + 31. Suppose -39 = 3*k - 5*k + a, 0 = 2*k + 5*a - 69. Calculate the greatest common divisor of k and u.
22
Suppose -5*h + 30 = -120. Suppose 8*x - 7*x = h. Suppose -3*y + 3*o = -36, -3*y - 5*o + 47 = 11. What is the greatest common divisor of y and x?
6
Suppose -4*k + 39 = 5*c - 20, -32 = -4*k + 4*c. Let a = k + 6. Let o = -2254 + 2339. Calculate the highest common divisor of a and o.
17
Let l be -2*20*45/(-120). Suppose -3*s - 57 = -2*v + 15, -2*v + 5*s + 80 = 0. What is the highest common divisor of v and l?
15
Let k = -43 - -62. Let h = k - 17. Let r be -2*(h - 4) + 36. Calculate the highest common divisor of 5 and r.
5
Let n be (-3)/(-4)*1*12. Suppose 0 = -2*c + 3*q + 17, -3*c + 3*q = 7*q. Let a = 41 + c. Calculate the greatest common divisor of a and n.
9
Let j = 25 + -20. Suppose 0 = -3*f - j + 86. Calculate the highest common divisor of f and 135.
27
Suppose 0 = -5*h + 23 + 12. Suppose h*z = 4*z + 3*t + 33, 24 = 4*z + t. Suppose z + 5 = 3*d. What is the highest common divisor of 1 and d?
1
Let b be ((-16)/20)/(1/(-5)). Suppose 12 + 288 = 4*x. Let m = 115 - x. Calculate the greatest common factor of b and m.
4
Let i = -16 + 24. Suppose -3*a = i*a - 77. What is the greatest common factor of a and 77?
7
Suppose -t - 324 = -2*c, 0*c = 4*c - t - 644. Let u = 25 + 7. Calculate the highest common factor of u and c.
32
Suppose -4*s + 29 + 23 = 2*b, -b + 24 = 4*s. Calculate the greatest common divisor of 476 and b.
28
Let l(x) = 56*x**3 + x**2 - x + 3. Let b be l(2). Let f = 8 - 3. Suppose 4*z = f*i + b, 3*z + 2*i = -i + 333. Calculate the highest common factor of z and 14.
14
Suppose -30 + 114 = 3*b. Suppose -235 = -11*m + 304. Let p = m - -147. What is the greatest common divisor of p and b?
28
Let g(b) = 186*b + 159. Let n be g(2). Calculate the highest common divisor of n and 236.
59
Let a be (-46 + 1)*4/(-12). Suppose -y - 3*g + 132 = y, -3*y + 184 = g. Suppose -5*m + y = -m. What is the greatest common divisor of m and a?
15
Let d(a) = 120*a**2 + 5*a - 5. Let n be d(1). Let k = 46 + -31. What is the highest common divisor of n and k?
15
Let b(p) = -p. Let u(l) = -11*l**2 + 4*l - 8. Let y(w) = 3*b(w) - u(w). Let n be y(-8). Suppose 3*a = -a + n. What is the greatest common factor of a and 24?
24
Let i(p) = 31*p - 61. Let k be i(6). Let j = k - 120. Suppose -20 = -4*m + 80. What is the greatest common divisor of m and j?
5
Let o(u) be the first derivative of 2*u**3 + 4*u**2 + 10*u - 30. Let h be o(-3). Let n = -2 + 7. Calculate the greatest common divisor of h and n.
5
Let s be (15 - -8)/((-1)/(-1)). Suppose -4*r + 5*t = -s - 18, 3*r = 2*t + 22. Calculate the highest common divisor of r and 6.
2
Let v be 3/7 - 2124/(-42). Let j be 1/(-2) + 28/16*2. Calculate the highest common divisor of j and v.
3
Suppose 2 = -5*u - 3. Let s be ((-22)/(-4))/((-4)/(-8)). Let r = s - u. What is the greatest common divisor of r and 60?
12
Let a = -252 + 176. Let f = a - -108. Let b(z) = -2*z**3 + 14*z**2 - z - 2. Let n be b(6). Calculate the highest common divisor of f an